e (-94)/(-6) + 3/9 - -4. Suppose 15*o - 13*o + h = 0. Let n be (-2)/(-4)*4*o/(-5). Calculate the greatest common divisor of n and 4.
4
Suppose -3*g = 5*x - 475, 3*x + 76*g - 281 = 75*g. Calculate the greatest common factor of x and 1702.
46
Suppose -2*a + 21899 = -9*g + 10*g, -3*a + 2*g = -32838. Let s be 80/(-360) + a/18. Calculate the greatest common divisor of 38 and s.
38
Let h be -1 + -3 - 0/(21/(-3)). Let p be -10*(3/(-8))/(h/(-400)). What is the greatest common factor of 15 and p?
15
Let d = 7254 + -7074. What is the highest common factor of d and 300?
60
Let d = -15 - -26. Suppose -14*g - 24552 = -86*g. What is the highest common divisor of g and d?
11
Let j(w) = w**2 + 25*w + 99. Let f be j(-22). Let g(r) = -7*r - 34. Let d be g(-19). What is the greatest common divisor of d and f?
33
Suppose -8*p - 3*p + 46718 + 53602 = 0. Calculate the greatest common factor of p and 96.
96
Let g = -6219 + 6261. Calculate the greatest common divisor of g and 22953.
21
Suppose -41*j = -1729 - 731. Let k(x) = 4*x**2 - 3*x - 3. Let f be k(-2). Let g be (f - 20)/((-2)/j). Calculate the greatest common divisor of 15 and g.
15
Let x be (1 + 2/4)/(18 + 3834/(-216)). What is the highest common divisor of x and 7926?
6
Let o(z) = 16*z**2 - 125*z + 782. Let f be o(6). What is the greatest common divisor of 722 and f?
38
Suppose -51*a = -47*a - 2*s - 64, 2*a - 3*s = 40. Let u be 2 - (-5*5 + -1). Calculate the highest common divisor of a and u.
14
Let k(l) = 2*l - 49. Let q be k(27). Let g be ((-114)/30)/(((-3)/q)/3). What is the greatest common factor of 1 and g?
1
Let l be 1 + 1/(-5 + 5 - 1). Suppose 0 = n - 5*y + 12 - 0, l = 2*y - 8. What is the highest common factor of 64 and n?
8
Let s be -3*3/(-2)*-4. Let p(w) = w + 26. Let a be p(s). Calculate the highest common factor of a and 8.
8
Let h = 604 + -609. Let l be 38/247 - h/(65/154). What is the greatest common factor of 24 and l?
12
Let k be 4*(5 - 7)*(-10)/(-4). Let a be k/(-15)*(-15)/(-2). Calculate the greatest common factor of 4 and a.
2
Suppose 5*a + 30 = 0, 2*a + 9 = 2*n - 23. Calculate the highest common factor of n and 7250.
10
Let h(n) = 5*n + 84. Let x be (-4)/((-28)/16 + 2). Let i be h(x). What is the greatest common divisor of 28 and i?
4
Suppose 2*k = 2*z + 16926, 4*k - 2*z = z + 33853. Suppose -39*h + 23*h + k = 0. What is the greatest common factor of 69 and h?
23
Let v be (0 - 165)*(6/30)/(3/(-228)). What is the greatest common divisor of 114 and v?
114
Suppose l - 45 = -40. Let c(s) = 2*s**2 + 2*s + 1. Let y be c(l). Suppose -3*b = v - 86 - y, -b - 431 = -3*v. Calculate the highest common factor of 16 and v.
16
Let j(o) = -4*o + 6. Let a be j(-18). Let p = -50 + a. Calculate the greatest common divisor of 16 and p.
4
Let l = -1299 + 1424. Let b(h) = h**2 + 12*h + 30. Let n be b(-15). What is the highest common divisor of l and n?
25
Suppose -25623 + 16439 = -41*x. What is the greatest common divisor of x and 1504?
32
Let q = 1570 - -1832. What is the greatest common factor of 36 and q?
18
Let h(b) = -4*b - 103 + 247 + 0*b. Let d be h(34). What is the greatest common factor of d and 16?
8
Let l = -4153 - -9118. What is the greatest common divisor of 5 and l?
5
Let q be (-175)/(-140) + -1 - (-78015)/4. What is the greatest common divisor of q and 53?
53
Let o be 123/(-18) + 7 + 143/6. Suppose -19*h + 16*h = -972. What is the greatest common factor of h and o?
12
Suppose -149 + 45 = -4*m. Let w = -819 - -1233. Let p = -401 + w. Calculate the highest common divisor of p and m.
13
Let d = -40 + 44. Suppose 0 = -3*u + d*u - 99. Suppose 4*o - o - 27 = 0. Calculate the highest common factor of o and u.
9
Suppose g - 2*t - 1470 = 0, -3*g - 15*t - 7395 = -8*g. What is the greatest common factor of 372 and g?
12
Suppose 18*d = 4*d + 336. Suppose 0 = -12*x + 14*x - 4, -3*m - 3*x + 66 = 0. What is the highest common divisor of d and m?
4
Let r be 1/(0/2 - -1). Let z be (-8284)/(-437) - 5*8/(-920). Calculate the highest common divisor of r and z.
1
Suppose -4*q + 68 = -0. Let d(w) = 32*w - 11 - 11*w + 3*w + 4. Let f be d(1). What is the greatest common divisor of q and f?
17
Let k(o) = o**3 + 6*o**2 - 7. Let a be k(-5). Let t be (3 + -1)/((-2)/(-162)*a). What is the highest common factor of t and 8?
1
Suppose 5*u + 5 = 30. Suppose 4*y - u*h - 300 = 0, 0 = -5*y + 5*h - 3*h + 375. Calculate the greatest common factor of 15 and y.
15
Suppose 1086*u - 13366 + 6895 - 11991 = 0. Let q = -29 - -46. Calculate the highest common divisor of u and q.
17
Let m be 8/10 + (-2093)/(-115). Suppose -4*k = -41 - m. Calculate the greatest common factor of 25 and k.
5
Let p be (46170/1368)/(3/52). Calculate the greatest common factor of p and 3185.
65
Let w = -14522 + 14772. Calculate the greatest common factor of w and 440.
10
Let w(g) = -23*g + 47. Let h be w(2). Let j(m) = 4*m**3 - m**2 - 4*m + 4. Let y be j(h). Calculate the greatest common factor of y and 24.
3
Suppose -4*a + 10015 = -y, -12*a + 9*a = 3*y - 7485. Calculate the highest common factor of 27 and a.
9
Let n be (-44 - -51)*(33 - (1 - 0)). Calculate the highest common divisor of n and 308.
28
Let t(q) = -3*q**2 + 189*q - 70. Let r be t(60). Calculate the highest common divisor of 2632 and r.
94
Let d be (-9)/3 - -3 - (3 + -6). Suppose 0 = -2*r - d*u + 225, 5*r - 7*u - 575 = -12*u. Calculate the highest common factor of 15 and r.
15
Suppose 0 = -3*l + r + 523, -3*l + 519 = 10*r - 13*r. What is the greatest common factor of l and 575?
25
Let r be -6 - (-9 + -2) - (-2674 - 7). Calculate the highest common divisor of 34 and r.
34
Let g be (7 + (-174)/30)/(3/150). What is the highest common divisor of 1220 and g?
20
Let a be (-11875)/(-19)*2/(-5). Let k = a + 540. Let l be k/8 - 8/32. What is the greatest common factor of l and 18?
18
Suppose 0 = 2*f + 8*i - 3*i - 16, i - 17 = -5*f. Suppose -f*z - 12 = -33. What is the greatest common divisor of z and 7?
7
Suppose -19957 = -150*p + 5543. Suppose 2*o - 522 = 3*v, 785 = o + 2*o - 5*v. What is the highest common divisor of o and p?
85
Let h be 38/190 + (-4998)/(-10). Let s be -6 + 3 + 1 - -42. Calculate the greatest common factor of s and h.
20
Let g(x) = -3*x + 2. Let j(k) = k. Let s(l) = g(l) + 2*j(l). Let i be s(-4). Suppose 0 = -7*r + 19 + 107. What is the greatest common factor of r and i?
6
Let l be (-4)/((-8)/(-22)) + 3 + 0. Let i(n) = n**2 - 7*n - 11. Let t be i(8). Let r = t - l. What is the highest common factor of 20 and r?
5
Let m be (-252)/(-9) + (-2)/2. Suppose -12 - m = 13*k. Let r(s) = -s**3 - 5*s**2 - 11*s - 2. Let j be r(k). Calculate the highest common divisor of j and 13.
13
Let g(j) be the second derivative of -j**5/20 - j**4/4 + 9*j**3/2 + 12*j**2 + 56*j. Let a be g(-7). What is the highest common divisor of a and 341?
31
Let t be 7 + (2 + (43 - -6) - -4). What is the greatest common divisor of t and 7688?
62
Let r(l) = 6*l - 14. Let g(w) = 4*w - 13. Let c(v) = 4*g(v) - 3*r(v). Let u be c(-11). What is the greatest common factor of 21 and u?
3
Let p be (16/20)/(4/30). Suppose 4*o - 189444 = -2*a, -5*o + 0*o + 236806 = 3*a. Let q be o/608 - (-2)/19. What is the highest common factor of p and q?
6
Let g be (-3510)/(-27) + 0 + -7 + -8. Calculate the highest common factor of g and 25.
5
Let a be (-908)/(-5) - (-4)/10. Let k(h) = 110*h**2 + 2637*h + 40. Let b be k(-24). Calculate the greatest common factor of b and a.
14
Let y(h) = 15*h - 91. Let n be y(12). Let c = n - 5. Let s = -48 + 104. Calculate the greatest common factor of s and c.
28
Let a be 156/(-26)*3/6*-17. Let d(r) = 5*r**2 + 31*r - 7. Let w be d(-9). What is the greatest common divisor of w and a?
17
Suppose 5*a - 1604946 = -201*a. What is the greatest common factor of a and 212?
53
Let v = -11103 + 11827. Calculate the greatest common factor of 10 and v.
2
Suppose 4*j - 4 = 2*x, 4*x = -3*j + j + 22. Suppose -l = -4*u + 2*u - 94, -x*u - 4 = 0. What is the greatest common divisor of l and 230?
46
Suppose -56 + 62 = 3*n. Let b be -1 - (-39)/18*n*-6. Let z be 2/9 - 3234/b. What is the greatest common factor of z and 15?
15
Let j be 371/3 + (-6)/9. Let s = -17196 + 17237. What is the greatest common divisor of j and s?
41
Suppose b + 56 = -16*w + 18*w, 0 = -5*w - 4*b + 140. Calculate the greatest common divisor of 7588 and w.
28
Let